{"id":106,"date":"2024-05-13T17:48:16","date_gmt":"2024-05-13T23:48:16","guid":{"rendered":"https:\/\/www.intellisoftware.com.mx\/new\/?page_id=106"},"modified":"2024-06-19T22:26:49","modified_gmt":"2024-06-20T04:26:49","slug":"aviso-de-privacidad","status":"publish","type":"page","link":"https:\/\/www.elritualdelfuego.com\/portal\/aviso-de-privacidad\/","title":{"rendered":"Aviso de Privacidad"},"content":{"rendered":"\n<p>En El Ritual del Fuego, la privacidad de nuestros visitantes es de suma importancia para nosotros. Este documento de pol\u00edtica de privacidad describe los tipos de informaci\u00f3n personal que El Ritual del Fuego recibe y recopila y c\u00f3mo se utiliza.<\/p>\n\n\n\n<div class=\"wp-block-uagb-advanced-heading uagb-block-7a6c4a8b\"><h3 class=\"uagb-heading-text\">Archivos de registro<\/h3><\/div>\n\n\n\n<p>Como muchos otros sitios web, El Ritual del Fuego utiliza archivos de registro. La informaci\u00f3n dentro de los archivos de registro incluye direcciones de protocolo de Internet (IP), tipo de navegador, proveedor de servicios de Internet (ISP), marca de fecha\/hora, p\u00e1ginas de referencia\/salida y n\u00famero de clics para analizar tendencias, administrar el sitio y rastrear el movimiento del usuario. alrededor del sitio y recopilar informaci\u00f3n demogr\u00e1fica. Las direcciones IP y otra informaci\u00f3n similar no est\u00e1n vinculadas a ninguna informaci\u00f3n que sea de identificaci\u00f3n personal.<\/p>\n\n\n\n<div class=\"wp-block-uagb-advanced-heading uagb-block-5dc71816\"><h3 class=\"uagb-heading-text\">Cookies y balizas web<\/h3><\/div>\n\n\n\n<p>El Ritual del Fuego utiliza cookies para almacenar informaci\u00f3n sobre las preferencias de los visitantes, registrar informaci\u00f3n espec\u00edfica del usuario en qu\u00e9 p\u00e1ginas accede o visita, personaliza el contenido de la p\u00e1gina web seg\u00fan el tipo de navegador de los visitantes u otra informaci\u00f3n que el visitante env\u00eda a trav\u00e9s de su navegador.<\/p>\n\n\n\n<div class=\"wp-block-uagb-advanced-heading uagb-block-ae1cfac0\"><h3 class=\"uagb-heading-text\">Cookie DART de Doble Click<\/h3><\/div>\n\n\n\n<p>Google, como proveedor externo, puede utiliza cookies para publicar anuncios en El Ritual del Fuego.<\/p>\n\n\n\n<p>El uso que hace Google de la cookie DART le permite mostrar anuncios a los usuarios seg\u00fan su visita a El Ritual del Fuego y otros sitios en Internet.<\/p>\n\n\n\n<p>Los usuarios pueden optar por no utilizar la cookie de DART visitando la pol\u00edtica de privacidad de la red de contenido y publicidad de Google en la siguiente URL: https:\/\/www.google.com\/policies\/privacy\/.<\/p>\n\n\n\n<p>Estos servidores de anuncios o redes publicitarias de terceros utilizan tecnolog\u00eda para que los anuncios y enlaces que pueden aparecen en El Ritual del Fuego se env\u00eden directamente a sus navegadores. Reciben autom\u00e1ticamente su direcci\u00f3n IP cuando esto ocurre. Las redes publicitarias de terceros tambi\u00e9n pueden utilizar otras tecnolog\u00edas (como cookies, JavaScript o Web Beacons) para medir la eficacia de sus anuncios y\/o personalizar el contenido publicitario que usted ve.<\/p>\n\n\n\n<p>El Ritual del Fuego no tiene acceso ni control sobre estas cookies que utilizan los anunciantes externos.<\/p>\n\n\n\n<p>Debe consultar las pol\u00edticas de privacidad respectivas de estos servidores de anuncios de terceros para obtener informaci\u00f3n m\u00e1s detallada sobre sus pr\u00e1cticas, as\u00ed como para obtener instrucciones sobre c\u00f3mo excluirse de ciertas pr\u00e1cticas. La pol\u00edtica de privacidad de El Ritual del Fuego no se aplica a otros anunciantes o sitios web, y no podemos controlar las actividades de estos.<\/p>\n\n\n\n<p>Si desea desactivar las cookies, puede hacerlo a trav\u00e9s de las opciones individuales de su navegador. Puede encontrar informaci\u00f3n m\u00e1s detallada sobre la gesti\u00f3n de cookies con navegadores web espec\u00edficos en los sitios web respectivos del navegador.<\/p>\n","protected":false},"excerpt":{"rendered":"<p>En El Ritual del Fuego, la privacidad de nuestros visitantes es de suma importancia para nosotros. Este documento de pol\u00edtica de privacidad describe los tipos de informaci\u00f3n personal que El Ritual del Fuego recibe y recopila y c\u00f3mo se utiliza. Archivos de registro Como muchos otros sitios web, El Ritual del Fuego utiliza archivos de [&hellip;]<\/p>\n","protected":false},"author":1,"featured_media":0,"parent":0,"menu_order":0,"comment_status":"closed","ping_status":"closed","template":"","meta":{"_uag_custom_page_level_css":"","site-sidebar-layout":"default","site-content-layout":"","ast-site-content-layout":"default","site-content-style":"default","site-sidebar-style":"default","ast-global-header-display":"","ast-banner-title-visibility":"","ast-main-header-display":"","ast-hfb-above-header-display":"","ast-hfb-below-header-display":"","ast-hfb-mobile-header-display":"","site-post-title":"","ast-breadcrumbs-content":"","ast-featured-img":"","footer-sml-layout":"","ast-disable-related-posts":"","theme-transparent-header-meta":"","adv-header-id-meta":"","stick-header-meta":"","header-above-stick-meta":"","header-main-stick-meta":"","header-below-stick-meta":"","astra-migrate-meta-layouts":"default","ast-page-background-enabled":"default","ast-page-background-meta":{"desktop":{"background-color":"var(--ast-global-color-4)","background-image":"","background-repeat":"repeat","background-position":"center center","background-size":"auto","background-attachment":"scroll","background-type":"","background-media":"","overlay-type":"","overlay-color":"","overlay-opacity":"","overlay-gradient":""},"tablet":{"background-color":"","background-image":"","background-repeat":"repeat","background-position":"center center","background-size":"auto","background-attachment":"scroll","background-type":"","background-media":"","overlay-type":"","overlay-color":"","overlay-opacity":"","overlay-gradient":""},"mobile":{"background-color":"","background-image":"","background-repeat":"repeat","background-position":"center center","background-size":"auto","background-attachment":"scroll","background-type":"","background-media":"","overlay-type":"","overlay-color":"","overlay-opacity":"","overlay-gradient":""}},"ast-content-background-meta":{"desktop":{"background-color":"var(--ast-global-color-5)","background-image":"","background-repeat":"repeat","background-position":"center center","background-size":"auto","background-attachment":"scroll","background-type":"","background-media":"","overlay-type":"","overlay-color":"","overlay-opacity":"","overlay-gradient":""},"tablet":{"background-color":"var(--ast-global-color-5)","background-image":"","background-repeat":"repeat","background-position":"center center","background-size":"auto","background-attachment":"scroll","background-type":"","background-media":"","overlay-type":"","overlay-color":"","overlay-opacity":"","overlay-gradient":""},"mobile":{"background-color":"var(--ast-global-color-5)","background-image":"","background-repeat":"repeat","background-position":"center center","background-size":"auto","background-attachment":"scroll","background-type":"","background-media":"","overlay-type":"","overlay-color":"","overlay-opacity":"","overlay-gradient":""}},"footnotes":""},"class_list":["post-106","page","type-page","status-publish","hentry"],"uagb_featured_image_src":{"full":false,"thumbnail":false,"medium":false,"medium_large":false,"large":false,"1536x1536":false,"2048x2048":false},"uagb_author_info":{"display_name":"webmaster","author_link":"https:\/\/www.elritualdelfuego.com\/portal\/author\/mvillarreal\/"},"uagb_comment_info":0,"uagb_excerpt":"En El Ritual del Fuego, la privacidad de nuestros visitantes es de suma importancia para nosotros. Este documento de pol\u00edtica de privacidad describe los tipos de informaci\u00f3n personal que El Ritual del Fuego recibe y recopila y c\u00f3mo se utiliza. Archivos de registro Como muchos otros sitios web, El Ritual del Fuego utiliza archivos de&hellip;","_links":{"self":[{"href":"https:\/\/www.elritualdelfuego.com\/portal\/wp-json\/wp\/v2\/pages\/106","targetHints":{"allow":["GET"]}}],"collection":[{"href":"https:\/\/www.elritualdelfuego.com\/portal\/wp-json\/wp\/v2\/pages"}],"about":[{"href":"https:\/\/www.elritualdelfuego.com\/portal\/wp-json\/wp\/v2\/types\/page"}],"author":[{"embeddable":true,"href":"https:\/\/www.elritualdelfuego.com\/portal\/wp-json\/wp\/v2\/users\/1"}],"replies":[{"embeddable":true,"href":"https:\/\/www.elritualdelfuego.com\/portal\/wp-json\/wp\/v2\/comments?post=106"}],"version-history":[{"count":4,"href":"https:\/\/www.elritualdelfuego.com\/portal\/wp-json\/wp\/v2\/pages\/106\/revisions"}],"predecessor-version":[{"id":811,"href":"https:\/\/www.elritualdelfuego.com\/portal\/wp-json\/wp\/v2\/pages\/106\/revisions\/811"}],"wp:attachment":[{"href":"https:\/\/www.elritualdelfuego.com\/portal\/wp-json\/wp\/v2\/media?parent=106"}],"curies":[{"name":"wp","href":"https:\/\/api.w.org\/{rel}","templated":true}]}}